e the greatest common factor of 38 and l.
2
Suppose -2 = t + 2. Let n be -37 + 1 - (t + 1). Let o be 2/11 - 5538/n. Calculate the greatest common factor of o and 24.
24
Let o(b) = 14*b - 995 + 995 - b. Let f be o(9). Calculate the highest common divisor of 13 and f.
13
Suppose 172 = 8*t - 908. Let n(i) = -i - 1. Let c be n(0). Let z(g) = 16*g**2 + g. Let p be z(c). What is the greatest common divisor of t and p?
15
Suppose 3*l - 45 - 297 = 0. Calculate the highest common factor of l and 38.
38
Suppose -4*n = -3*o + 33, 0 = -2*n - 3*o - 13 - 8. Let g(h) = -3*h - 7. Let i be g(n). Calculate the highest common divisor of 220 and i.
20
Suppose 5*d + 23 = -v + 5*v, 3*v = 6. Let i(k) = 3*k + 11. Let r be i(d). Calculate the greatest common divisor of r and 2.
2
Let z = -45 + 44. Let d be (z + -3)*(-294)/56. What is the highest common factor of d and 126?
21
Suppose -2*l - 2*t + 30 = -6*t, t + 11 = l. Let a(z) = 3*z**2 + 3*z + 3. Let h be a(4). Calculate the highest common factor of h and l.
7
Let b(h) = -h**2 - 3*h + 41. Let l(x) = 1. Let y(o) = b(o) - 5*l(o). Let g be y(0). Calculate the highest common divisor of 24 and g.
12
Suppose -26*g + 20*g + 612 = 0. Let k = -53 + g. Calculate the greatest common factor of 49 and k.
49
Suppose -4*d = 2*m + 1442, 0*d = -2*d - 4*m - 730. Let p = -215 - d. Calculate the greatest common divisor of p and 36.
36
Suppose 0 = y + 1, y = 6*c - 5*c - 11. What is the greatest common factor of c and 130?
10
Suppose -11*n = 3*r - 8*n, -2*n - 12 = -4*r. Let g be 1 + 66/(12/r). What is the greatest common divisor of 12 and g?
12
Suppose 3*t = 4*t - 2. Suppose -4*x - 2 = t. Let j be (-1)/(x*(-3)/(-63)). What is the greatest common factor of 231 and j?
21
Suppose -4*n - 43 = -j, 130 = 3*j - j + 3*n. Let y = j - 35. What is the greatest common factor of 264 and y?
24
Suppose 4*u + 0*u = 384. Let f(a) = 3*a**3 - 3*a**2 - a + 2. Suppose -3*p + 3 = -3. Let j be f(p). What is the highest common divisor of u and j?
12
Let f = 14 - 22. Let m = -3 - f. What is the highest common factor of m and 5?
5
Let m be ((-12)/(-5))/((-12)/(-40)). Suppose -7 - 177 = -m*d. What is the highest common divisor of 184 and d?
23
Suppose 0 = 23*b - 21*b + 5*w - 1356, -4*b - w + 2748 = 0. What is the highest common factor of 8 and b?
8
Suppose 5*l - 22 = 23. Let j be 2*(-1)/(-6)*l. Let z be (9/(-6))/(j/(-4)). Calculate the highest common factor of z and 2.
2
Suppose -4*p + 4*d = -3176, -4*d - 3564 - 407 = -5*p. What is the greatest common factor of p and 45?
15
Let x(u) = 23*u**2 + 8*u + 14. Let l be x(-2). Calculate the greatest common divisor of 306 and l.
18
Let u be (-30)/(-45) + (-7)/(-3). Let q be (-3)/u*0 + 84. Calculate the highest common divisor of q and 21.
21
Suppose -2*w + t - 27 = 141, -252 = 3*w + t. Let h be ((-2)/(-6))/((-3)/18)*w. Calculate the greatest common divisor of h and 21.
21
Let g = 1317 + -1287. Let u be 26/6*(-5 + 2). Let q = -7 - u. What is the highest common divisor of q and g?
6
Let z = 432 - 404. What is the greatest common factor of 196 and z?
28
Let s(k) = -2*k**3 + k**2 + k. Let v be s(-1). Suppose v*p = 4*p - 150. Let i = -81 + 96. Calculate the highest common divisor of i and p.
15
Let s be (-1*(-6)/(-3))/(-2). Let g be 49 - -1*(2 - s). Let j = -11 + g. Calculate the greatest common factor of 13 and j.
13
Suppose 3*d = -19 - 17. Let i(w) = -w - 7. Let a be i(d). Let m(q) = q**2 - q. Let p be m(a). Calculate the greatest common divisor of 50 and p.
10
Let w(p) = 2*p**3 + 10*p**2 - 2*p - 9. Let x be w(-5). Let o be x*(3 - 2) + 19. Calculate the greatest common factor of 30 and o.
10
Let p(y) = 14*y - 2. Let t be p(2). Suppose 149*w - 1300 = 129*w. Calculate the greatest common factor of t and w.
13
Let y(m) = -7 + 3*m + 2 - 1. Let g be y(4). Suppose -g*z + 82 + 38 = 0. What is the highest common factor of 80 and z?
20
Suppose 7*y + 254 = -103. Let f = y - -62. Calculate the highest common factor of f and 176.
11
Let q(r) = -r**3 - 2*r**2 + 1. Let x be q(-1). Suppose 4*b = -x*b + 104. Let f = -291 - -525. What is the greatest common divisor of f and b?
26
Let w = -489 - -552. Suppose -5*r - 3*i + 7*i = -47, -5*r + i + 38 = 0. What is the greatest common factor of r and w?
7
Suppose -68*z = -5*z - 49392. What is the highest common divisor of 48 and z?
16
Suppose -5*l + 3693 = 683. Let s = l + -327. Suppose u + 4*k - 25 = 2*k, -100 = -4*u + 3*k. Calculate the highest common factor of s and u.
25
Let c = 574 + -560. Let l = -20 - -148. Suppose 0 = 5*o - 152 - l. What is the greatest common factor of c and o?
14
Let a be -18*2/(4/(-3)). Suppose -i = 11*c - 9*c - 41, 2*c - 3*i - 21 = 0. What is the highest common divisor of c and a?
9
Let t = 125 - 50. Let u be ((-6)/(-15))/(3/t). Suppose 140 = -3*a + 5*a. Calculate the greatest common divisor of u and a.
10
Let g(l) = l**3 - 9*l**2 + 15*l - 11. Let p be g(8). Suppose 3*u = p + 36. Calculate the highest common factor of 216 and u.
27
Let a(n) = 4*n + 25. Let c be a(5). What is the highest common divisor of c and 5?
5
Let z(i) = -2*i**3 - 6*i**2 - 14*i - 15. Let r be z(-5). What is the greatest common factor of 2 and r?
1
Let i be ((-42)/8)/(15/(-40)). Suppose 9*c - i*c + 30 = 0. Let b be (7 - (-4)/(-2)) + -2. What is the greatest common factor of b and c?
3
Let g be (-15)/1*(8/(-4) - 5). Let k = 110 - g. What is the highest common divisor of k and 3?
1
Let l be (-6996)/(-14) + (-12)/(-42). Calculate the highest common divisor of l and 20.
20
Let m = -9 - -14. Suppose m*v - 35 = -f, -v + 3*v - 2 = 2*f. What is the highest common divisor of v and 48?
6
Suppose -j = -3*d - 7, -5*d - 35 = 83*j - 87*j. Suppose 97 = 2*n - 43. Calculate the greatest common divisor of n and j.
10
Let n be (11826/(-26))/(-1) + (-286)/(-1859). Calculate the greatest common factor of 7 and n.
7
Let l be (-129)/(-129)*(1*6)/1. What is the highest common divisor of 543 and l?
3
Let f(m) = 27*m**2 - 9*m + 0*m - 24*m**2 - 10 - m**3 + 2*m**3. Let d be f(-5). Let x = 26 + d. Calculate the highest common divisor of 99 and x.
11
Let t(i) = -i**3 + 10*i**2 - 9*i + 21. Let b be t(7). Let j be (b/20)/((-9)/(-168)). What is the greatest common factor of j and 14?
14
Let c be (-3*40/(-6))/((-16)/(-16)). Let j(d) = 1 - 1 + 70*d. Let x be j(2). What is the highest common factor of x and c?
20
Suppose 255 = -t + 265. Calculate the highest common factor of 20 and t.
10
Let l be -9 + (530 - 0) - -4. Calculate the greatest common factor of 21 and l.
21
Suppose 55*s - 62*s = -35. Let r(n) = -n - 4. Let p be r(-5). What is the highest common divisor of s and p?
1
Suppose 6*q = 17*q - 22. Suppose -q*t = -7*t + 255. Calculate the greatest common factor of t and 34.
17
Let u be (22/6)/(5/(-6 + 2496)). Calculate the highest common divisor of u and 11.
11
Suppose -5*v - 3 = 2, -256 = -2*w - 4*v. What is the highest common divisor of 5 and w?
5
Suppose 0 = -4*s + s + 171. Let q = -48 + s. Let a = 67 - 31. What is the greatest common divisor of q and a?
9
Let r(j) = 5*j**2 + 20*j + 81. Let l be r(-9). What is the greatest common divisor of l and 162?
18
Suppose -5*w + 2*g + 265 = -3*g, 0 = -4*g - 20. Let h = -3 + 5. Suppose -n = h*n - 18. Calculate the greatest common factor of n and w.
6
Let y be (6 - (-6 - -5)) + -3. Calculate the highest common divisor of y and 44.
4
Suppose -4*i = 2*c - 448, 0 = c - 4*c. What is the greatest common divisor of 128 and i?
16
Suppose 4*v - v = 5*h - 220, v = 5. Suppose 5*s - h - 123 = 0. Suppose -2*j = -o - s, 4*o = 4 + 4. Calculate the highest common factor of j and 162.
18
Let h(n) = 13*n - 808. Let a be h(64). Calculate the greatest common factor of 51 and a.
3
Let i = 24 - 26. Let k(l) = l + 17 + 8*l**2 - 15 - l. Let p be k(i). Calculate the greatest common divisor of p and 85.
17
Let s = 1475 - 1406. What is the highest common factor of s and 1587?
69
Suppose 84*l - 1118 = 310. What is the highest common divisor of l and 901?
17
Let x be -1 + 4 + -1 - -2. Let g(l) = 5*l - 6. Let p be g(x). Let f = p - -8. Calculate the greatest common factor of 88 and f.
22
Let t be 1/4 - 598/(-8). Let i be 5/3 + (-13)/(-39). Suppose -3*x + 39 = 3*h - 39, x - 56 = -i*h. What is the greatest common divisor of h and t?
15
Suppose 5*s = 20, 0*t - 3780 = -4*t - 2*s. Calculate the highest common factor of 